 - 0)). Calculate the highest common factor of m and t.
14
Let n be (-702 - -1001)/(3/2 + -1). Calculate the highest common factor of n and 260.
26
Let h = 1482 + -1405. Calculate the highest common factor of 5236 and h.
77
Let t = 3363 + -3354. What is the highest common divisor of t and 1431?
9
Suppose 529*z - 349*z = 7920. Suppose 2*m - 8 = 4*m. Let b be (-2)/(-8) - 15/m. What is the greatest common divisor of z and b?
4
Let z(l) = -3*l - 3. Let g be z(-3). Suppose g*h - 7 = -61. Let t = h - -13. Calculate the highest common factor of 4 and t.
4
Let g = -7 + 7. Suppose -2*z = -0*z - w - 16, -z - 2*w - 2 = g. Suppose 3*j = -10*j + 39. Calculate the greatest common divisor of z and j.
3
Suppose 3*d = 3*t - 729 - 1203, 0 = 4*d - 16. What is the highest common factor of t and 384?
24
Let x(y) = y**3 - 67*y**2 + 196*y - 85. Let z be x(64). What is the greatest common factor of z and 228?
57
Let h be (41494 - 53) + (24 - 2). What is the greatest common divisor of h and 153?
153
Let z = -18 - -20. Suppose 0*n = -4*j + z*n + 366, -j = 5*n - 108. Let i = 354 + -323. What is the highest common factor of i and j?
31
Let b be ((-10)/(-6) + -2)*3. Let n be 1 + b + 1 - -2. Suppose 916*r + 228 = 935*r. Calculate the greatest common divisor of r and n.
3
Let f(c) = -3*c**3 + 3*c**2 + 3*c + 4. Suppose -4*r - 5*x + 17 = 0, 3*x - 8*x = -r - 27. Let a be f(r). Calculate the greatest common factor of a and 119.
17
Suppose -3*a = 6*a - 594. Suppose -5*p = 3*z - 152, 2*p - a = -3*z + 2. Suppose 23*q + 40 = p*q. Calculate the highest common divisor of 72 and q.
8
Suppose 23*u - 18*u + 3*l - 295 = 0, -118 = -2*u - 2*l. What is the greatest common divisor of 3599 and u?
59
Suppose 16*f = 2 + 78. Let v be -6*94/(-3) + (-10)/f. Let u = v - 81. What is the greatest common divisor of u and 15?
15
Let q be (0 - 7/2)*4. Let h be 1/(-2) - 63/q. Suppose 8 + 16 = 4*v - h*l, -v + 15 = -4*l. What is the greatest common divisor of v and 1?
1
Let i = 13402 + -13002. Calculate the greatest common factor of i and 3650.
50
Let v(g) = 22*g**2 + 18*g - 305. Let j be v(8). What is the highest common factor of j and 43?
43
Suppose -85*t + 104*t - 228 = 0. Suppose -t = -27*n + 15*n. Calculate the greatest common divisor of 4 and n.
1
Suppose -3*q - 88 = -3*s - q, -148 = -4*s - 5*q. Suppose 4*g = 4*n + 1276, -3*n + 16863 = -2*g + 17500. What is the highest common divisor of s and g?
32
Let q = 5607 + -5499. What is the greatest common divisor of 384 and q?
12
Suppose -45*b - 1092 = -46*b + 4*r, 3*b + 4*r = 3308. Calculate the highest common divisor of b and 100.
100
Suppose -42 = 150*v - 156*v. Suppose -v*t + 69 = -148. What is the greatest common factor of 124 and t?
31
Suppose 2*c + 4*k = -0*c, 5*c + 2*k - 16 = 0. Let l be (-3 - (2 - c))*-7. Calculate the greatest common factor of l and 259.
7
Suppose 0 = 2*p + 2*y - 56, -2*p + 200 = -3*y + 164. What is the highest common factor of p and 4008?
24
Suppose z - 25 = -5*a, -4*z - 3*a + 165 + 71 = 0. Calculate the greatest common divisor of 8047 and z.
13
Let t(g) = g**3 - 13*g**2 - 9*g. Let j be t(14). Let i be (4/3)/((-2)/(-3)). Suppose -i*b + 8 = -20. Calculate the highest common divisor of j and b.
14
Let f = 3359 + -3342. What is the highest common factor of 5 and f?
1
Let t be 6*(-2)/(-4)*47. Suppose 12*j - t = -21. Calculate the highest common factor of j and 4.
2
Suppose -2*i + 116 = 4*u, -2*i + 4*u + 100 - 24 = 0. Suppose i = -k + 3*k. What is the highest common divisor of k and 3?
3
Suppose -7 = 4*j - 115. Suppose 0 = -11*k - j*k + 1140. What is the highest common divisor of k and 15?
15
Let x(y) = 54*y**2 - y + 2. Let k be x(1). Suppose 10*c = 125 + k. Let r = 223 + -133. Calculate the highest common divisor of r and c.
18
Suppose -5*k + 79 = d + 18, -2*d = -5*k + 58. Let q = -834 - -840. Calculate the greatest common divisor of k and q.
6
Suppose 0 = -379*i + 377*i + 8. Calculate the highest common factor of i and 234.
2
Let y = 117 + -112. Let n(j) = 5*j**2 + j + 2 - 5*j**3 + 4 + y*j**3 - j**3. Let q be n(5). Calculate the highest common factor of 22 and q.
11
Let n(r) = r**3 - 6*r**2 + 7*r - 39. Let o be n(6). Suppose 5*v + 93 = o*m, -5*m + 8*m = 4*v + 90. Calculate the highest common divisor of 26 and m.
26
Suppose 277 - 1277 = 25*i. Let h be 4 + 0 + -5*(-24)/i. Calculate the greatest common divisor of h and 74.
1
Suppose -4*a - 45 = j, -3*j - 4*a = -6*j - 167. Let k = 59 + j. Suppose k*b - 859 = 623. What is the greatest common factor of 13 and b?
13
Let o(g) = 174*g - 806. Let a be o(5). Calculate the greatest common factor of a and 9728.
64
Suppose i - 96 = -3*i - x, -9*x - 11 = i. Calculate the highest common factor of i and 10.
5
Let z(p) = -511*p - 43. Let o be z(-4). Let w be o/391 - 2/17. Calculate the highest common divisor of w and 2.
1
Suppose 10*k - 2170 = -5*z, 0*k + 2*k - 5*z - 458 = 0. What is the greatest common factor of 171 and k?
3
Let z = -5717 + 5746. What is the greatest common factor of 9193 and z?
29
Suppose -125*l + 120*l = -1415. Calculate the highest common factor of 13867 and l.
283
Suppose -11*w = 63*s - 59*s - 80, s = 4*w - 34. Let y(q) = 0 - 5*q + 55*q**2 + 3*q - 1. Let a be y(-1). Calculate the highest common factor of a and w.
8
Let a = 20111 - 19407. What is the greatest common factor of 726 and a?
22
Let i(z) = 3*z + 10*z + 17*z - 13*z - z**2 + 34. Let a be i(17). What is the highest common divisor of a and 442?
34
Let k = -3299 - -3515. What is the highest common factor of 234 and k?
18
Let r(i) = 2*i**2 + 11*i + 173. Let d be r(-14). Let k = d - 211. What is the greatest common factor of k and 8?
8
Let o = -2599 + 2601. Let j(x) = x - 1. Suppose p + 9 = 4*p. Let g be j(p). Calculate the highest common factor of o and g.
2
Suppose 0 = 8*g + 50 - 3594. Suppose -1943 = -10*t - g. Calculate the highest common divisor of 75 and t.
75
Suppose -5*z - 332 = w, 69*z - 71*z - w - 134 = 0. Let n be (24/44)/((-3)/z). Let s = 444 - 216. What is the greatest common factor of s and n?
12
Let q be ((-125)/10)/((-2)/20 - (-27)/(-405)). What is the highest common factor of q and 11100?
75
Let u be (-3)/75*-10 - 1816/(-10). Let s = u - 102. What is the greatest common factor of 100 and s?
20
Let h(j) = j**3 - j**2 - 4*j + 5. Let z be 12 - (-3 + 6) - 6. Let c be h(z). Suppose -2*v + 90 = -64. What is the greatest common factor of c and v?
11
Suppose -136 = 30*v - 38*v. Suppose -4*a + v = -119. Suppose -g + 2*s + 37 = 3*s, 142 = 4*g + 2*s. Calculate the greatest common factor of g and a.
34
Let j be (180/(-126))/((-193)/1001 + (-14)/(-77)). What is the highest common divisor of 1210 and j?
10
Let n(b) = b**3 + 19*b**2 - 49*b + 40. Let s be n(-21). What is the greatest common divisor of s and 272?
17
Let o(h) = 25*h + 42. Let d(y) = -49*y - 85. Let f(c) = 6*d(c) + 13*o(c). Let p be f(3). What is the greatest common divisor of p and 3?
3
Let q = 52 - 49. Suppose c = 2*w + 48, 3*c = -c + q*w + 177. Calculate the greatest common divisor of 147 and c.
21
Let g(b) = 4838*b**2 + 10*b - 4832*b**2 + 0*b - 4. Let y be g(-4). What is the highest common factor of y and 13?
13
Suppose 4*n + 10 = -2*s, 5*s - 6 = -1. Let w = n - -7. Suppose -9 = -l + g, -6*g = -5*l - 2*g + 48. Calculate the greatest common factor of w and l.
4
Let a = 227 - 158. Suppose 15 = -5*y, -2*o - 3*y - 2*y + a = 0. Suppose z = 3, 12*n - 11*n - 21 = -5*z. Calculate the greatest common divisor of n and o.
6
Suppose 1168 + 220 = -5*w - 2*a, 5*w + 1386 = -4*a. Let m = 288 + w. Calculate the greatest common divisor of 490 and m.
10
Let m = 1407 - 1369. Suppose 526 = 4*w - 3*h - 152, 4*w = 5*h + 674. What is the highest common factor of m and w?
19
Let g be -5 + (-254)/(-50) + (-32990)/(-125). Suppose -x - 3*a - 15 = -2*x, -3*x + 3*a = -27. Calculate the highest common factor of g and x.
6
Let d = -2365 - -2446. What is the highest common factor of d and 9288?
27
Let t be (-28)/(-8)*9/21 + (-46365)/(-10). Calculate the greatest common factor of t and 6.
6
Let q(y) = 4*y + 1. Let n be q(2). Suppose 3*u + 43 = 2*k + 89, 0 = -2*u + 4*k + 20. What is the greatest common divisor of n and u?
9
Let g(u) = -176*u**2 - 2*u + 1. Let a be g(1). Let n be -5 + (-6)/(18/a). What is the greatest common divisor of n and 18?
18
Let y(g) = 2*g**3 - 26*g**2 - 51*g - 433